se
Is 161 a factor of 3517332?
False
Is 780521 a multiple of 49?
True
Is 27 a factor of 268988?
False
Is 69146 a multiple of 25?
False
Does 53 divide 262668?
True
Is 5 a factor of 6773?
False
Is 3 a factor of 165996?
True
Is 15 a factor of 8438?
False
Does 29 divide 77285?
True
Is 260661 a multiple of 57?
True
Is 78 a factor of 1048008?
True
Is 151 a factor of 18875?
True
Is 27 a factor of 5009094?
True
Is 97 a factor of 146710?
False
Is 1236234 a multiple of 568?
False
Is 50 a factor of 19550?
True
Does 21 divide 5883885?
True
Is 935 a factor of 21427395?
True
Is 1053918 a multiple of 29?
True
Is 75845 a multiple of 385?
True
Is 15 a factor of 908604?
False
Does 127 divide 2165477?
True
Does 121 divide 614597?
False
Is 115092 a multiple of 24?
False
Is 20 a factor of 278380?
True
Is 46 a factor of 1764703?
False
Does 20 divide 4108660?
True
Is 16977 even?
False
Is 50 a factor of 47643?
False
Does 59 divide 84488?
True
Does 726 divide 656304?
True
Is 26179 a multiple of 20?
False
Does 13 divide 13273?
True
Is 126531 a multiple of 21?
False
Is 23 a factor of 4850953?
True
Does 8 divide 69618?
False
Is 36858 a multiple of 4?
False
Is 80 a factor of 15799280?
True
Does 14 divide 309064?
True
Does 48 divide 36026?
False
Is 20 a factor of 17480?
True
Is 211476 a multiple of 32?
False
Is 1114822 a multiple of 13?
False
Does 2 divide 706974?
True
Is 8 a factor of 83698?
False
Does 21 divide 147462?
True
Is 8348733 a multiple of 57?
True
Does 40 divide 2283320?
True
Is 49358 a multiple of 43?
False
Is 39 a factor of 3332901?
True
Is 12 a factor of 10476?
True
Is 15 a factor of 330929?
False
Is 2156693 a multiple of 22?
False
Is 643584 a multiple of 166?
False
Is 9 a factor of 35496?
True
Is 17 a factor of 257329?
True
Is 614 a factor of 23007426?
False
Is 153 a factor of 2473929?
False
Is 28 a factor of 33606?
False
Is 299014 a multiple of 94?
True
Is 11 a factor of 4520962?
False
Does 5 divide 141318?
False
Is 470004 a multiple of 12?
True
Does 11 divide 62106?
True
Is 6 a factor of 3907626?
True
Is 12 a factor of 16882?
False
Is 2143 a factor of 18685866?
False
Is 18347160 a multiple of 30?
True
Is 190147 a multiple of 15?
False
Is 14836 a multiple of 10?
False
Is 5971781 a multiple of 6?
False
Is 558 a factor of 7425676?
False
Does 15 divide 478725?
True
Does 6 divide 8907785?
False
Is 39 a factor of 274755?
True
Does 4 divide 107480?
True
Is 872746 a multiple of 34?
True
Is 77144 a multiple of 104?
False
Is 670462 a multiple of 214?
True
Does 685 divide 2634858?
False
Does 225 divide 787283?
False
Does 300 divide 311284?
False
Is 484 a factor of 5074787?
False
Does 167 divide 1132186?
False
Is 84 a factor of 1787516?
False
Is 3075299 a multiple of 11?
False
Does 130 divide 1299480?
True
Does 4 divide 568488?
True
Is 11 a factor of 730873?
True
Is 84 a factor of 78624?
True
Is 196824 a multiple of 177?
True
Is 27 a factor of 116748?
True
Is 20081 a multiple of 83?
False
Is 6246225 a multiple of 213?
True
Is 128076 a multiple of 4?
True
Does 39 divide 5040022?
False
Is 1938545 a multiple of 4?
False
Is 207882 a multiple of 36?
False
Is 30 a factor of 13583250?
True
Is 33 a factor of 6237?
True
Is 80 a factor of 43360?
True
Is 6798935 a multiple of 643?
False
Does 25 divide 1376675?
True
Is 95 a factor of 982395?
True
Is 53 a factor of 1749595?
False
Does 88 divide 99528?
True
Is 794563 a multiple of 77?
True
Does 216 divide 16765920?
True
Is 23 a factor of 548389?
True
Is 348847 a multiple of 24?
False
Does 253 divide 1098526?
True
Is 4793102 a multiple of 192?
False
Does 140 divide 860615?
False
Does 18 divide 20968?
False
Does 8 divide 4392205?
False
Does 91 divide 126854?
True
Is 931376 a multiple of 81?
False
Is 7543938 a multiple of 313?
False
Is 520880 a multiple of 19?
False
Is 1112423 a multiple of 101?
False
Is 6345054 a multiple of 79?
False
Is 38 a factor of 956346?
True
Is 181740 a multiple of 26?
True
Is 4 a factor of 108379?
False
Does 20 divide 2865721?
False
Is 105417 a multiple of 233?
False
Does 10 divide 12354?
False
Is 150 a factor of 184350?
True
Is 20643 a multiple of 3?
True
Is 145 a factor of 11721464?
False
Does 2 divide 97599?
False
Is 23 a factor of 121988?
False
Does 326 divide 5059906?
False
Is 7 a factor of 1070004?
False
Does 27 divide 44221?
False
Is 153894 a multiple of 13?
True
Is 336130 a multiple of 170?
False
Is 239 a factor of 159413?
True
Does 222 divide 10600056?
True
Is 53 a factor of 5551273?
True
Is 130415 a multiple of 5?
True
Is 18343 a multiple of 83?
True
Is 35276 a multiple of 172?
False
Is 418050 a multiple of 17?
False
Is 6 a factor of 665190?
True
Is 7 a factor of 298270?
True
Is 199 a factor of 358797?
True
Is 160871 a multiple of 6?
False
Is 39 a factor of 36075?
True
Is 2440976 a multiple of 41?
True
Does 241 divide 23217?
False
Does 108 divide 68429?
False
Is 7526440 a multiple of 83?
True
Is 13 a factor of 10422457?
False
Is 114424 a multiple of 467?
False
Is 88226 a multiple of 49?
False
Is 14 a factor of 6062?
True
Does 24 divide 887208?
True
Does 25 divide 1784346?
False
Is 17060451 a multiple of 43?
False
Does 16 divide 237649?
False
Is 217400 a multiple of 100?
True
Does 16 divide 2465886?
False
Does 62 divide 2200775?
False
Does 17 divide 6241057?
True
Is 23 a factor of 3634690?
True
Does 414 divide 6254782?
False
Is 246 a factor of 89544?
True
Does 11 divide 37705?
False
Is 251 a factor of 123622?
False
Does 1917 divide 20465540?
False
Is 15 a factor of 29761515?
True
Is 4587920 a multiple of 410?
False
Is 178 a factor of 73870?
True
Is 91 a factor of 3224472?
False
Is 1376770 a multiple of 32?
False
Is 137 a factor of 4267687?
True
Is 6 a factor of 339869?
False
Is 4256845 a multiple of 17?
False
Is 2372 a factor of 16412633?
False
Is 50 a factor of 2751650?
True
Is 318510 a multiple of 30?
True
Is 32 a factor of 11662400?
True
Is 509 a factor of 403637?
True
Is 154298 a multiple of 115?
False
Is 113 a factor of 288263?
True
Is 16938467 a multiple of 13?
True
Is 84766 a multiple of 12?
False
Is 7 a factor of 1136436?
True
Is 313938 a multiple of 37?
False
Does 59 divide 3270546?
False
Does 45 divide 448290?
True
Is 28 a factor of 1496273?
False
Is 310 a factor of 5458?
False
Is 190 a factor of 379801?
False
Is 465845 a multiple of 16?
False
Is 5635167 a multiple of 447?
False
Is 17 a factor of 321606?
True
Is 1262164 a multiple of 194?
True
Is 4065015 a multiple of 1371?
True
Is 9200 a multiple of 80?
True
Is 44 a factor of 3844368?
True
Does 112 divide 274912?
False
Does 151 divide 3204753?
False
Is 14294 a multiple of 6?
False
Is 193408 a multiple of 64?
True
Is 608 a factor of 2599200?
True
Is 25 a factor of 3298825?
True
Is 6021 a multiple of 23?
False
Is 44 a factor of 386540?
True
Does 6 divide 235050?
True
Is 53 a factor of 83087?
False
Is 159683 a multiple of 125?
False
Is 81 a factor of 128618?
False
Is 24 a factor of 71505?
False
Does 52 divide 8463?
False
Is 49 a factor of 1397444?
False
Does 14 divide 6944?
True
Does 16 divide 131303?
False
Is 49 a factor of 3000518?
False
Is 2333150 a multiple of 10?
True
Is 427 a factor of 666974?
True
Does 19 divide 336251?
False
Is 260497 a multiple of 37?
False
Is 79 a factor of 1107431?
False
Is 729568 a multiple of 63?
False
Does 21 divide 19597319?
False
Is 648960 a multiple of 120?
True
Does 689 divide 7929524?
False
Is 22 a factor of 1554366?
True
Is 925362 a multiple of 606?
True
Is 19 a factor of 354950?
False
Is 19 a factor of 39425?
True
Is 479336 a multiple of 68?
False
Is 3 a factor of 597785?
False
Is 32 a factor of 955287?
False
Is 129687 a multiple of 3?
True
Is 541512 a multiple of 18?
True
Is 1636111 a multiple of 548?
False
Does 227 divide 233810?
True
Is 662932 a multiple of 34?
True
Is 246772 a multiple of 17?
True
Is 434558 a multiple of 62?
True
Is 15 a factor of 3480945?
True
Is 19 a factor of 411563?
False
Is 2 a factor of 111043?
False
Is 12 a factor of 2094590?
False
Is 2876364 a multiple of 54?
True
Is 13 a factor of 3847833?
False
Is 31 a factor of 224072?
False
Does 967 divide 4533467?
False
Is 165467 a multiple of 84?
False
Is 48 a factor of 121152?
True
Is 426 a factor of 662856?
True
Is 26851 a multiple of 6?
False
Is 46 a factor of 3128?
True
Does 20 divide 3651623?
False
Is 2298828 a multiple of 42?